d4
Convert 10a1 (base 11) to base 2.
10110100010
-9b (base 15) to base 6
-402
50 (base 15) to base 4
1023
1037 (base 9) to base 4
23323
What is -163b7 (base 12) in base 7?
-161230
-121210100 (base 3) to base 14
-4664
What is -20c (base 15) in base 10?
-462
10550 (base 6) to base 10
1506
What is -65 (base 7) in base 16?
-2f
-10021 (base 3) to base 10
-88
What is -120111 (base 4) in base 16?
-615
What is 2764 (base 12) in base 8?
10674
-2122 (base 3) to base 10
-71
-42409 (base 11) to base 6
-1153423
Convert -240340 (base 6) to base 14.
-7868
47776 (base 9) to base 6
404023
-112200202 (base 3) to base 12
-6248
Convert -110112011 (base 3) to base 12.
-534a
529 (base 11) to base 15
2c6
-25154 (base 6) to base 14
-1514
Convert 2000334 (base 5) to base 7.
160245
21251 (base 8) to base 6
105025
3488 (base 10) to base 9
4705
Convert -2222 (base 7) to base 3.
-1002122
-22773 (base 8) to base 16
-25fb
What is -306 (base 14) in base 3?
-211000
37881 (base 9) to base 4
12032203
Convert -b92e (base 16) to base 12.
-23526
What is -33 (base 11) in base 7?
-51
-3510 (base 9) to base 7
-10404
Convert -3234422 (base 5) to base 16.
-d93c
Convert 13067 (base 14) to base 10.
46739
108 (base 12) to base 2
10011000
Convert 6020 (base 7) to base 13.
c35
-459a (base 11) to base 14
-22b4
Convert 244244 (base 6) to base 15.
666a
What is 210 (base 10) in base 14?
110
What is -2489 (base 12) in base 15?
-135c
What is -14bc2 (base 14) in base 13?
-1a704
1b4 (base 12) to base 15
13a
2101 (base 6) to base 15
214
What is -1850 (base 11) in base 10?
-2354
What is 1001200002 (base 3) in base 8?
50644
Convert 52336 (base 8) to base 16.
54de
Convert -211761 (base 8) to base 12.
-34a69
What is 2bb (base 12) in base 15?
1db
Convert -3330223 (base 4) to base 11.
-11171
101010101110011 (base 2) to base 12
107ab
Convert -260 (base 10) to base 9.
-318
Convert 3568 (base 13) to base 6.
54454
Convert -1581 (base 15) to base 13.
-2146
Convert 510a (base 15) to base 2.
100001011010110
Convert -131213 (base 7) to base 5.
-1240321
What is -5362 (base 8) in base 13?
-1377
What is 1111011111 (base 2) in base 16?
3df
10001111010 (base 2) to base 7
3225
-133020 (base 5) to base 15
-18e0
125340 (base 8) to base 13
16bac
Convert 2414 (base 13) to base 16.
13df
1d1 (base 15) to base 10
421
What is 15110 (base 7) in base 9?
5645
What is -869 (base 13) in base 4?
-112133
What is -464 (base 9) in base 16?
-17e
What is 343131 (base 5) in base 11?
9264
What is 3401 (base 7) in base 13?
734
24011 (base 6) to base 5
102323
-113c (base 13) to base 16
-971
What is -2100210 (base 3) in base 2?
-11010111010
What is 1001001001000 (base 2) in base 14?
19c4
Convert -22fc (base 16) to base 9.
-13251
-4bbc (base 14) to base 2
-11001111110010
Convert 703 (base 8) to base 10.
451
-1094 (base 10) to base 7
-3122
Convert 13302 (base 5) to base 10.
1077
What is -221204 (base 5) in base 7?
-31250
Convert 31213 (base 4) to base 8.
1547
What is -112201 (base 6) in base 4?
-2111221
Convert c76 (base 15) to base 16.
afb
What is 1350 (base 8) in base 11?
617
What is -61322 (base 7) in base 10?
-14912
What is -1400 (base 6) in base 8?
-550
What is 2784 (base 16) in base 8?
23604
175 (base 11) to base 3
21112
-115045 (base 6) to base 14
-39d3
-131 (base 6) to base 5
-210
140b (base 14) to base 8
6723
What is -1d55 (base 16) in base 13?
-3558
-211101 (base 3) to base 5
-4404
Convert -3b1 (base 12) to base 13.
-346
-72 (base 8) to base 15
-3d
What is 10010111 (base 3) in base 9?
3114
2174 (base 10) to base 11
16a7
Convert 4113 (base 5) to base 9.
652
Convert -35162 (base 7) to base 8.
-21463
What is 40330 (base 6) in base 2?
1010010111110
544 (base 11) to base 8
1215
What is 387 (base 9) in base 5?
2242
Convert 10000002001 (base 3) to base 13.
20b96
Convert 304 (base 15) to base 12.
487
Convert -3506 (base 13) to base 5.
-214232
275 (base 12) to base 3
111222
What is -325 (base 6) in base 14?
-8d
-1367 (base 8) to base 10
-759
751 (base 9) to base 15
2ad
Convert 2636 (base 10) to base 6.
20112
Convert 10101001000000 (base 2) to base 7.
43351
Convert 1200110212 (base 3) to base 5.
2030102
10112211 (base 3) to base 12
15b7
122144 (base 5) to base 15
15b9
What is 110010110 (base 2) in base 13?
253
153b5 (base 14) to base 10
52883
Convert 1085 (base 15) to base 9.
4718
What is -17659 (base 10) in base 12?
-a277
What is -1671 (base 8) in base 11?
-797
What is 6a3 (base 13) in base 12?
7b7
What is 2568 (base 11) in base 4?
310031
What is -57775 (base 8) in base 6?
-305433
11504 (base 13) to base 5
2002412
-361 (base 14) to base 5
-10143
-1002 (base 7) to base 14
-1a9
Convert -33a9 (base 13) to base 11.
-548a
Convert -1210003 (base 4) to base 9.
-8704
-43a5 (base 16) to base 5
-1023232
124 (base 13) to base 11
171
Convert 13011 (base 4) to base 12.
319
-12b (base 14) to base 6
-1031
What is -212111 (base 3) in base 8?
-1172
34965 (base 10) to base 6
425513
What is -567 (base 8) in base 2?
-101110111
What is -108a9 (base 14) in base 12?
-1b285
Convert -3110423 (base 5) to base 11.
-35136
What is -59571 (base 10) in base 2?
-1110100010110011
What is 6146 (base 8) in base 15?
e19
Convert 11355 (base 7) to base 9.
4016
What is -2202100 (base 3) in base 15?
-8dc
-100010100011001 (base 2) to base 3
-220021011
-1516 (base 8) to base 12
-5a6
Convert -33521 (base 7) to base 16.
-212c
What is -110111010 (base 2) in base 5?
-3232
101212 (base 3) to base 16
125
Convert -a8b (base 15) to base 11.
-1875
-1033 (base 7) to base 4
-11233
Convert -333502 (base 6) to base 3.
-1102110202
What is 1789 (base 10) in base 9?
2407
What is -6b3 (base 15) in base 2?
-10111101110
29726 (base 10) to base 15
8c1b
827b (base 12) to base 3
201111012
421 (base 10) to base 16
1a5
Convert -1002120120 (base 3) to base 13.
-9a77
What is -141b (base 14) in base 4?
-313201
Convert -fa (base 16) to base 7.
-505
9278 (base 14) to base 15
76e9
Convert -1200 (base 7) to base 14.
-237
-423 (base 7) to base 13
-135
Convert 266 (base 16) to base 13.
383
What is 5129 (base 10) in base 16?
1409
Convert 78a (base 12) to base 2.
10001011010
21123 (base 4) to base 16
25b
What is -30233 (base 5) in base 16?
-797
545 (base 11) to base 15
2d9
What is 10445 (base 11) in base 3?
202211000
Convert -151271 (base 9) to base 5.
-10432214
-5035 (base 6) to base 13
-66b
Convert 15283 (base 9) to base 7.
42306
Convert 104c (base 16) to base 15.
1382
Convert -16ab (base 12) to base 16.
-aa3
-89c8 (base 13) to base 11
-13520
Convert -31 (base 10) to base 15.
-21
Convert 2122313 (base 5) to base 12.
18986
Convert -22211 (base 7) to base 13.
-2714
-101010011 (base 2) to base 3
-110120
-41073 (base 8) to base 12
-998b
What is -10210021122 (base 3) in base 2?
-10010001101000100
11363 (base 9) to base 3
101102010
-21300 (base 5) to base 14
-758
What is 23423 (base 11) in base 6?
420224
Convert 2059 (base 13) to base 2.
1000101110100
Convert 11331 (base 5) to base 4.
31021
Convert -2c7 (base 15) to base 9.
-777
Convert -210111112 (base 3) to base 7.
-63461
What is -a6c9 (base 15) in base 2?
-1000100111011001
What is 1332303 (base 5) in base 6?
325535
Convert -12a59 (base 11) to base 7.
-105106
-1168 (base 11) to base 15
-6bb
What is 563 (base 12) in base 8?
1433
2022133 (base 5) to base 10
32793
What is -1011210 (base 3) in base 14?
-454
11010303 (base 4) to base 5
1131122
What is 103233230 (base 4) in base 7?
454535
226 (base 12) to base 3
102210
142010 (base 7) to base 15
806e
What is 654 (base 9) in base 3?
201211
Convert 300 (base 13) to base 9.
623
-9a1 (base 13) to base 14
-860
32 (base 16) to base 14
38
-7241 (base 9) to base 11
-3a90
173 (base 9) to base 4
2103
What is -1992 (base 15) in base 5?
-134122
Convert 242323 (base 7) to base 14.
120ba
What is -6340 (base 8) in base 15?
-e9b
Convert 4785 (base 16) to base 11.
12835
What is -2011010 (base 5) in base 8?
-76405
What is 14204 (base 5) in base 2?
10010011011
Convert -d045 (base 14) to base 9.
-54013
What is 3275 (base 8) in base 4?
122331
What is -1010 (base 7) in base 4?
-11132
Convert -25645 (base 10) to base 2.
-110010000101101
2385 (base 14) to base 16
1831
-a3d3 (base 15) to base 4
-20130333
Convert -da62 (base 15) to base 14.
-12bb3
Convert 44434 (base 9) to base 10.
29515
What is -3d6 (base 15) in base 16?
-36c
-625 (base 8) to bas